1
Suppose -3*k + 32 = -o, 3*o - 38 - 10 = -3*k. Suppose -g - 2*g - k = 0. Let v = 10 + g. What is the units digit of v?
6
Suppose 2*k + 193 = 547. What is the hundreds digit of k?
1
Suppose -5 = -3*o + 1. Suppose -5*k + 34 - 12 = 2*n, -o*n + 14 = k. What is the units digit of 2 + -4 + (n - -1)?
5
Let s be (1 - 6/(-3)) + -3. Suppose -n + 3*n - 4*p - 70 = s, -4*n + 118 = 3*p. What is the units digit of n?
1
Suppose 0*s + 20 = 2*s. Let h = 11 + -11. Let r = s - h. What is the units digit of r?
0
Suppose 0 = 5*m + 10, 2*a + 0*a + 2*m = -16. What is the units digit of 6*(2 + 3/a)?
9
Let n be 1/(1 - 19/20). Suppose q + 9 = n. What is the units digit of q?
1
Let d be 2 - (-2 + 0 + -1). Suppose -c = -d*c. Suppose -j = u - c - 4, 5*j = 5*u - 40. What is the units digit of u?
6
Let x = -31 - -54. What is the units digit of x?
3
Suppose 2*y - 1 - 9 = 0. Suppose 10 = y*l - 75. What is the tens digit of l?
1
Let v be ((-2)/(-6))/(3/27). Suppose -2*b - p = 0, -v*b + 4*b + 5*p = 0. Suppose 5*q + 0*q - 15 = b. What is the units digit of q?
3
Suppose -5*g - 6 = 2*t, 0 = 4*t - 2*g + 5*g + 12. Let l(x) = -15*x + 3. What is the tens digit of l(t)?
4
Suppose 2*m - 30 = -0*m + 4*u, 43 = 5*m - 2*u. What is the units digit of m?
7
Let c = 18 + -11. Suppose 9 = 2*d - c. Let b = d + -1. What is the units digit of b?
7
Let k = 124 + -44. What is the tens digit of k?
8
What is the units digit of (20/(-8) + 2)*-2?
1
Let n = 1 + -2. Let a(y) be the third derivative of -2*y**4/3 + 2*y**2. What is the units digit of a(n)?
6
Let g(h) = -h - 8. Let c be g(-7). Let k be 2/c + (3 - -1). Suppose -k*b + 26 = 2*r, 4*r - 20 = 2*r + 4*b. What is the tens digit of r?
1
Let i(f) = f**3 + 4*f**2 + f. Let w be i(-3). Let d(j) = j + 1. Let n be d(w). Let z(g) = g**3 - 8*g**2 + 8*g + 1. What is the units digit of z(n)?
8
Let o be -159*(-1)/3 + 0. Let l = 4 + -36. Let h = l + o. What is the units digit of h?
1
Suppose q = 6*q - 75. What is the units digit of q?
5
Let c be (-2 + 1)*-1 - -169. What is the tens digit of (2/(-4))/((-5)/c)?
1
Suppose 0 = -4*h - 0*t + 3*t - 7, 2*t - 8 = h. Suppose -4*j - 6*n + h*n = -24, -2*j + n = 0. What is the units digit of j?
2
Suppose 7 - 1 = 2*w. Suppose 3*c + 0*c = -w*h + 105, -27 = -c - 5*h. What is the tens digit of c?
3
Suppose -5*f + 56 + 69 = 0. What is the units digit of f?
5
Let q be (-4 - 1) + 0/1. Let z be (-4)/(-10)*(0 - q). Suppose 2*u = b - 8 - 4, -z*u = 0. What is the tens digit of b?
1
What is the units digit of 15/(-15)*(-3 - 0)?
3
Let v = 13 - 8. Suppose -v = -4*k - 89. What is the units digit of k/(-3) + 1 + 1?
9
What is the units digit of (85/(-5))/((-3)/15)?
5
Suppose -3*w + o - 1 = -12, -4*w - 4*o + 4 = 0. Suppose -w = 3*q - 6*q. Suppose 5*m = 11 - q. What is the units digit of m?
2
Let g(i) be the third derivative of -5*i**4/24 - i**3/2 + 2*i**2. What is the tens digit of g(-5)?
2
Suppose -2*m - 32 = 4*l, 4*l - m + 2*m = -28. Let v = 18 - 19. What is the units digit of v/(((-3)/l)/(-1))?
2
Let w(g) = 5*g + 6. What is the tens digit of w(5)?
3
Suppose -26 + 206 = 2*b. What is the units digit of b?
0
Suppose -56 = -l - 3*p, -5*p = -2*l + 55 + 13. Let c = l - 11. What is the units digit of c?
3
Let y be ((-12)/(-14))/((-2)/(-70)). Suppose -5*v = -2*v - y. What is the units digit of v/25 + 38/5?
8
Let o be -1 - -1 - (6 + 0). What is the units digit of ((-174)/9)/(o/9)?
9
Suppose -2*u - 2 = 8. Let c be 1/(-2 + (-2 - u)). Suppose -c = -y + 3. What is the units digit of y?
4
Let c = -24 - -15. Let h = c + 17. What is the units digit of h?
8
Let d = -4 + 1. Let k be 4/d*(-9)/6. What is the units digit of k/8 + (-46)/(-8)?
6
Let i = 21 + -18. What is the units digit of i?
3
Let s = -57 - -103. What is the tens digit of s?
4
Let g(c) = 4*c**2 - 3*c + 5. Let d(n) = 4*n**2 - 1. Let p be d(1). What is the tens digit of g(p)?
3
Suppose -3*b = -2*b - 3. Suppose 0 = b*m - 29 - 1. What is the units digit of m?
0
Suppose -4 + 6 = 2*w. Let p = w - -1. Suppose p - 5 = -3*a. What is the units digit of a?
1
Let g be 0/2 + 1 + 2. What is the units digit of -2 - (2 - g)*9?
7
Let i be (-12)/8*8/6. Let d = i + 2. Suppose y - 8 + 1 = d. What is the units digit of y?
7
Let h be (18/(-12))/(3/(-10)). Suppose 4*l - 5*l = 3*b + 3, -4*l = h*b - 2. What is the units digit of (-3 - b)/((-2)/4)?
2
Let b(p) be the first derivative of p**6/180 + p**5/24 - p**4/6 - p**3 - 3. Let g(c) be the third derivative of b(c). What is the units digit of g(-4)?
8
Let a(p) = -p**3 + 5*p**2 + 3*p. Let m be a(5). Let h = 26 - m. What is the units digit of h?
1
What is the units digit of (-2)/(-20) + 1938/20?
7
Let z be (3 - (-12)/(-3))*-9. Let q(t) = 2*t**2 - 12*t + 4. What is the tens digit of q(z)?
5
Let y = 12 + -4. Let l(m) be the first derivative of -m**3/3 + 9*m**2/2 - 3*m + 1. What is the units digit of l(y)?
5
Let o(x) = -3*x + 5. Let u(r) = -3*r + 6. Let c(n) = -4*o(n) + 3*u(n). Let v be c(4). Let w = 18 - v. What is the units digit of w?
8
Let i(h) = -h**2 + 7*h - 3. Let n be i(6). Let c(g) = 7*g + n - 3*g - 7. What is the units digit of c(3)?
8
Let b(m) = -m**3 - 22*m**2 + 21*m + 7. What is the tens digit of b(-23)?
5
Let w = -4 - -10. Suppose 2*i - 24 = 4*h, 0 = -3*h + w*h + i + 18. Let v = h - -10. What is the units digit of v?
4
Let l = -1 + 5. Suppose 0 = 2*q + 2*q - 4*s + l, -5*s + 15 = 0. What is the units digit of ((-16)/(-40))/(q/10)?
2
What is the units digit of 172/(-12)*(1 - 4)?
3
Suppose 0 = -2*h + 3*h. Suppose h = 2*k + n - 8, k + 5*n + 0*n = 22. Suppose -k*t = 3*t - 65. What is the units digit of t?
3
Let g = -1 - 4. Let y = g - -9. Suppose -y*p - 16 = 0, 48 = 3*w - 3*p - 9. What is the units digit of w?
5
Let t(r) = -r**3 + 13*r**2 + 13*r + 17. Let h be t(14). Suppose -h*k = 2 - 47. What is the tens digit of k?
1
Suppose 2*w = 5 - 13. Let f = 6 - w. What is the units digit of f?
0
Let p = 17 + -12. What is the units digit of p?
5
Let b = 17 + 44. What is the units digit of b?
1
Let v = 4 + -1. Let a(h) = -6 - v*h + 0 - 1. What is the units digit of a(-5)?
8
Let n = 42 - 20. What is the units digit of 3*5/(15/n)?
2
Suppose 5*u - 2*u + 4*n - 4 = 0, -5*n - 41 = -2*u. What is the units digit of u?
8
Suppose 0 = 5*f + 4*v - 11, 11 = 6*f - 2*f + v. What is the units digit of f?
3
Let m be -9*1*(-1)/(-1). Let j(h) = h**2 + 3*h - 19. What is the tens digit of j(m)?
3
Suppose 5*g + 5*h - 465 = 0, -2*g - 3*h + 376 = 2*g. What is the units digit of g?
7
What is the units digit of (6/(-4))/(7/(-294))?
3
Let w = 210 - 90. What is the tens digit of w?
2
Suppose 3*t = 2*t - p - 2, 2 = -p. Suppose -5*b + 0*b + 20 = t. Suppose -i = b*i - 5. What is the units digit of i?
1
Let n(o) = o**2 - 4*o + 20. What is the units digit of n(6)?
2
Suppose r + 65 = 6*r - 5*c, 5*r - 3*c = 55. What is the units digit of r?
8
Let u = 51 - 12. What is the units digit of u?
9
Let x = -1 + 3. Suppose 4*r = x*r - 8. Let f = r + 5. What is the units digit of f?
1
Let y = -23 + 15. Let t = -93 + 68. Let m = y - t. What is the tens digit of m?
1
Let r(w) = 6*w**2 + 2*w - 1. Let q be r(2). Suppose 4*c = -2*h + h - 29, 3*c + 3*h + 33 = 0. What is the units digit of (2/c)/((-1)/q)?
9
Let p(o) = -1. Let b(f) = -3*f - 4. Let i(s) = b(s) + 2*p(s). What is the units digit of i(-4)?
6
Let m(x) = -x + 1. Suppose 0*j + j = -2*q - 4, 0 = -2*j - 8. Suppose 5 = -d - q. What is the units digit of m(d)?
6
What is the tens digit of 116 + -1 + (-1)/(1/(-2))?
1
Let n(s) = -s**3 + 6*s**2 + s - 8. Let z be n(6). What is the units digit of (z + 3)/2*38?
9
What is the units digit of (1/(-2))/((-7)/868)?
2
Suppose 4*a = -0*p - 2*p + 40, 0 = -4*p - 5*a + 77. What is the tens digit of p?
1
Let q(f) = f**2 - f + 47. What is the units digit of q(0)?
7
Let m = 6 + -2. Suppose 0*p = m*p. Suppose p = t - 8. What is the units digit of t?
8
Suppose 5*q + 2*m = 391, 11*m - 6*m = -10. What is the units digit of q?
9
Let d = -4 - 8. What is the units digit of -1*1/3*d?
4
Let h = -6 + 7. What is the units digit of h?
1
Suppose 0 = -t + 4*d + 12 + 6, 0 = 2*t + 3*d - 14. Let l = -2 + t. What is the units digit of l?
8
Let f(x) be the second derivative of -11*x**3/3 + x**2 - x. Let k be f(2). What is the tens digit of (-2 + k/(-4))*2?
1
Let w(x) = x**3 - 2*x**2 - 7. Let j be w(3). Suppose -5*d + j + 38 = 0. What is the units digit of d